{"id":4865,"date":"2025-04-25T00:00:40","date_gmt":"2025-04-24T22:00:40","guid":{"rendered":"https:\/\/www.osianto.de\/index.php\/contact-us\/webinar-registration\/"},"modified":"2026-05-05T12:49:40","modified_gmt":"2026-05-05T10:49:40","slug":"webinar-registration","status":"publish","type":"page","link":"https:\/\/www.osianto.de\/index.php\/contact-us\/webinar-registration\/?lang=en","title":{"rendered":"Webinar registration"},"content":{"rendered":"<section  class='av_textblock_section av-m78zz4ee-a7f76b16e017e3332b19e4ec61968c8f '   itemscope=\"itemscope\" itemtype=\"https:\/\/schema.org\/CreativeWork\" ><div class='avia_textblock'  itemprop=\"text\" ><h1 style=\"text-align: center;\">Webinar registration<\/h1>\n<\/div><\/section>\n<div  class='avia-table av-jfxah3-46802428423fefb8c63220ac1d22cec2 main_color avia-pricing-table-container avia_pricing_default  avia-builder-el-1  el_after_av_textblock  el_before_av_textblock  avia-table-1'  itemscope=\"itemscope\" itemtype=\"https:\/\/schema.org\/Table\" ><div class=\"pricing-table-wrap\"><ul class='pricing-table '><li class='avia-heading-row'><div class='first-table-item'>Our next webinars<br \/><\/div><span class='pricing-extra'><\/span><\/li><li class=''>05\/13\/2026, 9:00 &#8211; 9:45 a.m.<\/li><li class=''>05\/18\/2026, 1:00 &#8211; 1:45 p.m.<\/li><li class=''>05\/21\/2026, 9:00 &#8211; 9:45 a.m.<\/li><li class=''>05\/21\/2026, 2:00 &#8211; 2:45 p.m.<\/li><li class=''>05\/27\/2026, 2:00 &#8211; 2:45 p.m.<\/li><\/ul><\/div><\/div>\n<section  class='av_textblock_section av-m791qhek-1c3e7292720d0597b193e0b074ebe072 '   itemscope=\"itemscope\" itemtype=\"https:\/\/schema.org\/CreativeWork\" ><div class='avia_textblock'  itemprop=\"text\" ><h2 style=\"text-align: center;\">If none of our dates suit you, you are welcome to choose an <strong>alternative date<\/strong>.<\/h2>\n<\/div><\/section>\n\n","protected":false},"excerpt":{"rendered":"<p>This is a Page excerpt. It will be displayed for search results<\/p>\n","protected":false},"author":3,"featured_media":0,"parent":4191,"menu_order":0,"comment_status":"open","ping_status":"closed","template":"","meta":{"_themeisle_gutenberg_block_has_review":false,"footnotes":""},"class_list":["post-4865","page","type-page","status-publish","hentry"],"yoast_head":"<!-- This site is optimized with the Yoast SEO plugin v24.9 - https:\/\/yoast.com\/wordpress\/plugins\/seo\/ -->\n<title>Webinars | OSIANTO \u2013 E-learning for pharmaceutical companies<\/title>\n<meta name=\"description\" content=\"Register now for one of our webinars and discover our GAMP5-validated e-learning platform for the pharmaceutical industry.\" \/>\n<meta name=\"robots\" content=\"index, follow, max-snippet:-1, max-image-preview:large, max-video-preview:-1\" \/>\n<link rel=\"canonical\" href=\"https:\/\/www.osianto.de\/index.php\/contact-us\/webinar-registration\/\" \/>\n<meta property=\"og:locale\" content=\"de_DE\" \/>\n<meta property=\"og:type\" content=\"article\" \/>\n<meta property=\"og:title\" content=\"Webinars | OSIANTO \u2013 E-learning for pharmaceutical companies\" \/>\n<meta property=\"og:description\" content=\"Register now for one of our webinars and discover our GAMP5-validated e-learning platform for the pharmaceutical industry.\" \/>\n<meta property=\"og:url\" content=\"https:\/\/www.osianto.de\/index.php\/contact-us\/webinar-registration\/?lang=en\" \/>\n<meta property=\"og:site_name\" content=\"Osianto digital learning\" \/>\n<meta property=\"article:publisher\" content=\"https:\/\/www.facebook.com\/Osianto.Digital.Learning\/\" \/>\n<meta property=\"article:modified_time\" content=\"2026-05-05T10:49:40+00:00\" \/>\n<meta property=\"og:image\" content=\"https:\/\/www.osianto.de\/wp-content\/uploads\/2024\/03\/Osianto-Digital-Learning-Logo-Web-01.png\" \/>\n\t<meta property=\"og:image:width\" content=\"864\" \/>\n\t<meta property=\"og:image:height\" content=\"460\" \/>\n\t<meta property=\"og:image:type\" content=\"image\/png\" \/>\n<meta name=\"twitter:card\" content=\"summary_large_image\" \/>\n<meta name=\"twitter:site\" content=\"@Osianto1\" \/>\n<meta name=\"twitter:label1\" content=\"Gesch\u00e4tzte Lesezeit\" \/>\n\t<meta name=\"twitter:data1\" content=\"1\u00a0Minute\" \/>\n<script type=\"application\/ld+json\" class=\"yoast-schema-graph\">{\"@context\":\"https:\/\/schema.org\",\"@graph\":[{\"@type\":\"WebPage\",\"@id\":\"https:\/\/www.osianto.de\/index.php\/contact-us\/webinar-registration\/?lang=en\",\"url\":\"https:\/\/www.osianto.de\/index.php\/contact-us\/webinar-registration\/?lang=en\",\"name\":\"Webinars | OSIANTO \u2013 E-learning for pharmaceutical companies\",\"isPartOf\":{\"@id\":\"https:\/\/www.osianto.de\/#website\"},\"datePublished\":\"2025-04-24T22:00:40+00:00\",\"dateModified\":\"2026-05-05T10:49:40+00:00\",\"description\":\"Register now for one of our webinars and discover our GAMP5-validated e-learning platform for the pharmaceutical industry.\",\"breadcrumb\":{\"@id\":\"https:\/\/www.osianto.de\/index.php\/contact-us\/webinar-registration\/?lang=en#breadcrumb\"},\"inLanguage\":\"de\",\"potentialAction\":[{\"@type\":\"ReadAction\",\"target\":[\"https:\/\/www.osianto.de\/index.php\/contact-us\/webinar-registration\/?lang=en\"]}]},{\"@type\":\"BreadcrumbList\",\"@id\":\"https:\/\/www.osianto.de\/index.php\/contact-us\/webinar-registration\/?lang=en#breadcrumb\",\"itemListElement\":[{\"@type\":\"ListItem\",\"position\":1,\"name\":\"Startseite\",\"item\":\"https:\/\/www.osianto.de\/index.php\/startseite\/\"},{\"@type\":\"ListItem\",\"position\":2,\"name\":\"Contact us\",\"item\":\"https:\/\/www.osianto.de\/index.php\/contact-us\/\"},{\"@type\":\"ListItem\",\"position\":3,\"name\":\"Webinar registration\"}]},{\"@type\":\"WebSite\",\"@id\":\"https:\/\/www.osianto.de\/#website\",\"url\":\"https:\/\/www.osianto.de\/\",\"name\":\"OSIANTO \u2013 GAMP 5-validierte E-Learning-Plattform f\u00fcr die Pharmaindustrie\",\"description\":\"Schulungsl\u00f6sung f\u00fcr Pharmahersteller und -dienstleister\",\"publisher\":{\"@id\":\"https:\/\/www.osianto.de\/#organization\"},\"alternateName\":\"OSIANTO \u2013 E-Learning f\u00fcr Pharmaunternehmen\",\"potentialAction\":[{\"@type\":\"SearchAction\",\"target\":{\"@type\":\"EntryPoint\",\"urlTemplate\":\"https:\/\/www.osianto.de\/?s={search_term_string}\"},\"query-input\":{\"@type\":\"PropertyValueSpecification\",\"valueRequired\":true,\"valueName\":\"search_term_string\"}}],\"inLanguage\":\"de\"},{\"@type\":\"Organization\",\"@id\":\"https:\/\/www.osianto.de\/#organization\",\"name\":\"30 doradus media design GmbH\",\"url\":\"https:\/\/www.osianto.de\/\",\"logo\":{\"@type\":\"ImageObject\",\"inLanguage\":\"de\",\"@id\":\"https:\/\/www.osianto.de\/#\/schema\/logo\/image\/\",\"url\":\"https:\/\/www.osianto.de\/wp-content\/uploads\/2025\/06\/30doradus.png\",\"contentUrl\":\"https:\/\/www.osianto.de\/wp-content\/uploads\/2025\/06\/30doradus.png\",\"width\":2315,\"height\":468,\"caption\":\"30 doradus media design GmbH\"},\"image\":{\"@id\":\"https:\/\/www.osianto.de\/#\/schema\/logo\/image\/\"},\"sameAs\":[\"https:\/\/www.facebook.com\/Osianto.Digital.Learning\/\",\"https:\/\/x.com\/Osianto1\",\"http:\/\/instagram.com\/osianto_digital_learning\",\"http:\/\/linkedin.com\/company\/30-doradus-media-design-gmbh\"]}]}<\/script>\n<!-- \/ Yoast SEO plugin. -->","yoast_head_json":{"title":"Webinars | OSIANTO \u2013 E-learning for pharmaceutical companies","description":"Register now for one of our webinars and discover our GAMP5-validated e-learning platform for the pharmaceutical industry.","robots":{"index":"index","follow":"follow","max-snippet":"max-snippet:-1","max-image-preview":"max-image-preview:large","max-video-preview":"max-video-preview:-1"},"canonical":"https:\/\/www.osianto.de\/index.php\/contact-us\/webinar-registration\/","og_locale":"de_DE","og_type":"article","og_title":"Webinars | OSIANTO \u2013 E-learning for pharmaceutical companies","og_description":"Register now for one of our webinars and discover our GAMP5-validated e-learning platform for the pharmaceutical industry.","og_url":"https:\/\/www.osianto.de\/index.php\/contact-us\/webinar-registration\/?lang=en","og_site_name":"Osianto digital learning","article_publisher":"https:\/\/www.facebook.com\/Osianto.Digital.Learning\/","article_modified_time":"2026-05-05T10:49:40+00:00","og_image":[{"width":864,"height":460,"url":"https:\/\/www.osianto.de\/wp-content\/uploads\/2024\/03\/Osianto-Digital-Learning-Logo-Web-01.png","type":"image\/png"}],"twitter_card":"summary_large_image","twitter_site":"@Osianto1","twitter_misc":{"Gesch\u00e4tzte Lesezeit":"1\u00a0Minute"},"schema":{"@context":"https:\/\/schema.org","@graph":[{"@type":"WebPage","@id":"https:\/\/www.osianto.de\/index.php\/contact-us\/webinar-registration\/?lang=en","url":"https:\/\/www.osianto.de\/index.php\/contact-us\/webinar-registration\/?lang=en","name":"Webinars | OSIANTO \u2013 E-learning for pharmaceutical companies","isPartOf":{"@id":"https:\/\/www.osianto.de\/#website"},"datePublished":"2025-04-24T22:00:40+00:00","dateModified":"2026-05-05T10:49:40+00:00","description":"Register now for one of our webinars and discover our GAMP5-validated e-learning platform for the pharmaceutical industry.","breadcrumb":{"@id":"https:\/\/www.osianto.de\/index.php\/contact-us\/webinar-registration\/?lang=en#breadcrumb"},"inLanguage":"de","potentialAction":[{"@type":"ReadAction","target":["https:\/\/www.osianto.de\/index.php\/contact-us\/webinar-registration\/?lang=en"]}]},{"@type":"BreadcrumbList","@id":"https:\/\/www.osianto.de\/index.php\/contact-us\/webinar-registration\/?lang=en#breadcrumb","itemListElement":[{"@type":"ListItem","position":1,"name":"Startseite","item":"https:\/\/www.osianto.de\/index.php\/startseite\/"},{"@type":"ListItem","position":2,"name":"Contact us","item":"https:\/\/www.osianto.de\/index.php\/contact-us\/"},{"@type":"ListItem","position":3,"name":"Webinar registration"}]},{"@type":"WebSite","@id":"https:\/\/www.osianto.de\/#website","url":"https:\/\/www.osianto.de\/","name":"OSIANTO \u2013 GAMP 5-validierte E-Learning-Plattform f\u00fcr die Pharmaindustrie","description":"Schulungsl\u00f6sung f\u00fcr Pharmahersteller und -dienstleister","publisher":{"@id":"https:\/\/www.osianto.de\/#organization"},"alternateName":"OSIANTO \u2013 E-Learning f\u00fcr Pharmaunternehmen","potentialAction":[{"@type":"SearchAction","target":{"@type":"EntryPoint","urlTemplate":"https:\/\/www.osianto.de\/?s={search_term_string}"},"query-input":{"@type":"PropertyValueSpecification","valueRequired":true,"valueName":"search_term_string"}}],"inLanguage":"de"},{"@type":"Organization","@id":"https:\/\/www.osianto.de\/#organization","name":"30 doradus media design GmbH","url":"https:\/\/www.osianto.de\/","logo":{"@type":"ImageObject","inLanguage":"de","@id":"https:\/\/www.osianto.de\/#\/schema\/logo\/image\/","url":"https:\/\/www.osianto.de\/wp-content\/uploads\/2025\/06\/30doradus.png","contentUrl":"https:\/\/www.osianto.de\/wp-content\/uploads\/2025\/06\/30doradus.png","width":2315,"height":468,"caption":"30 doradus media design GmbH"},"image":{"@id":"https:\/\/www.osianto.de\/#\/schema\/logo\/image\/"},"sameAs":["https:\/\/www.facebook.com\/Osianto.Digital.Learning\/","https:\/\/x.com\/Osianto1","http:\/\/instagram.com\/osianto_digital_learning","http:\/\/linkedin.com\/company\/30-doradus-media-design-gmbh"]}]}},"_links":{"self":[{"href":"https:\/\/www.osianto.de\/index.php\/wp-json\/wp\/v2\/pages\/4865","targetHints":{"allow":["GET"]}}],"collection":[{"href":"https:\/\/www.osianto.de\/index.php\/wp-json\/wp\/v2\/pages"}],"about":[{"href":"https:\/\/www.osianto.de\/index.php\/wp-json\/wp\/v2\/types\/page"}],"author":[{"embeddable":true,"href":"https:\/\/www.osianto.de\/index.php\/wp-json\/wp\/v2\/users\/3"}],"replies":[{"embeddable":true,"href":"https:\/\/www.osianto.de\/index.php\/wp-json\/wp\/v2\/comments?post=4865"}],"version-history":[{"count":64,"href":"https:\/\/www.osianto.de\/index.php\/wp-json\/wp\/v2\/pages\/4865\/revisions"}],"predecessor-version":[{"id":6338,"href":"https:\/\/www.osianto.de\/index.php\/wp-json\/wp\/v2\/pages\/4865\/revisions\/6338"}],"up":[{"embeddable":true,"href":"https:\/\/www.osianto.de\/index.php\/wp-json\/wp\/v2\/pages\/4191"}],"wp:attachment":[{"href":"https:\/\/www.osianto.de\/index.php\/wp-json\/wp\/v2\/media?parent=4865"}],"curies":[{"name":"wp","href":"https:\/\/api.w.org\/{rel}","templated":true}]}}